{"id":7370,"date":"2017-02-10T13:50:23","date_gmt":"2017-02-10T13:50:23","guid":{"rendered":"http:\/\/fluid.edge-themes.com\/?page_id=7370"},"modified":"2023-10-25T15:34:33","modified_gmt":"2023-10-25T18:34:33","slug":"gestao-de-redes-sociais","status":"publish","type":"page","link":"https:\/\/www.oliconsultoria.com.br\/site\/gestao-de-redes-sociais\/","title":{"rendered":"Gest\u00e3o de Redes Sociais"},"content":{"rendered":"<p>[vc_row row_content_width=&#8221;grid&#8221; css=&#8221;.vc_custom_1486383291464{padding-top: 100px !important;padding-bottom: 60px !important;}&#8221;][vc_column css=&#8221;.vc_custom_1483702688245{padding-top: 0px !important;padding-right: 10% !important;}&#8221; offset=&#8221;vc_col-lg-6&#8243;]<div class=\"edgtf-section-title-holder\" >\n\t\t\t<h2 class=\"edgtf-st-title\" >\n\t\t\t<span>Como Diminuir o D\u00e9ficit de Aten\u00e7\u00e3o<\/span>\n\t\t<\/h2>\n\t\t\t\t<p class=\"edgtf-st-text\" style=\"font-size: 14px;margin-top: 20px\">A atual jornada do consumidor e o comportamento de consumo passam por um processo de ressignific\u00e2ncia em rela\u00e7\u00e3o a uma nova percep\u00e7\u00e3o de entrega de valor por consequ\u00eancia do excesso de informa\u00e7\u00e3o. Sendo assim, provoca o empoderamento do consumidor e dos compradores empresariais.<\/p>\n\t<\/div>[vc_empty_space height=&#8221;45px&#8221;]<div class=\"edgtf-progress-bar edgtf-has-gradient\">\n\t<p class=\"edgtf-pb-title-holder\" style=\"color: #666666\">\n\t\t<span class=\"edgtf-pb-title\">Design Envolvente<\/span>\n\t\t<span class=\"edgtf-pb-percent\" data-position=\"70\">\n\t\t\t<span class=\"edgtf-pb-percent-inner\">0<\/span>\n\t\t<\/span>\n\t<\/p>\n\t<div class=\"edgtf-pb-content-holder\" style=\"background-color: transparent\">\n\t\t<div data-percentage=70 class=\"edgtf-pb-content\" style=\"background: -webkit-linear-gradient(left,#ecf3ec,#c6e2e9);background: -o-linear-gradient(right,#ecf3ec,#c6e2e9);background: -moz-linear-gradient(right,#ecf3ec,#c6e2e9);background: linear-gradient(to right,#ecf3ec,#c6e2e9);\"><\/div>\n\t<\/div>\n<\/div>[vc_empty_space height=&#8221;26px&#8221;]<div class=\"edgtf-progress-bar edgtf-has-gradient\">\n\t<p class=\"edgtf-pb-title-holder\" style=\"color: #666666\">\n\t\t<span class=\"edgtf-pb-title\">Comunica\u00e7\u00e3o Relevante<\/span>\n\t\t<span class=\"edgtf-pb-percent\" data-position=\"85\">\n\t\t\t<span class=\"edgtf-pb-percent-inner\">0<\/span>\n\t\t<\/span>\n\t<\/p>\n\t<div class=\"edgtf-pb-content-holder\" style=\"background-color: transparent\">\n\t\t<div data-percentage=85 class=\"edgtf-pb-content\" style=\"background: -webkit-linear-gradient(left,#ecf3ec,#c6e2e9);background: -o-linear-gradient(right,#ecf3ec,#c6e2e9);background: -moz-linear-gradient(right,#ecf3ec,#c6e2e9);background: linear-gradient(to right,#ecf3ec,#c6e2e9);\"><\/div>\n\t<\/div>\n<\/div>[vc_empty_space height=&#8221;55px&#8221;][\/vc_column][vc_column width=&#8221;1\/2&#8243; offset=&#8221;vc_col-lg-3 vc_col-md-6&#8243; css=&#8221;.vc_custom_1483706321274{padding-top: 3.5% !important;}&#8221;][vc_single_image image=&#8221;4893&#8243; img_size=&#8221;full&#8221; onclick=&#8221;custom_link&#8221; link=&#8221;#&#8221;][vc_empty_space height=&#8221;55px&#8221;][\/vc_column][vc_column width=&#8221;1\/2&#8243; offset=&#8221;vc_col-lg-3 vc_col-md-6&#8243; css=&#8221;.vc_custom_1483706328616{padding-top: 3.5% !important;}&#8221;][vc_single_image image=&#8221;4894&#8243; img_size=&#8221;full&#8221; onclick=&#8221;custom_link&#8221; link=&#8221;#&#8221;][vc_empty_space height=&#8221;55px&#8221;][\/vc_column][\/vc_row][vc_row][vc_column]<div class=\"edgtf-parallax-holder edgtf-vertical-middle-align edgtf-disabled-parallax-on-touch\" data-parallax-speed=\"1\" style=\"background-image: url(https:\/\/www.oliconsultoria.com.br\/site\/wp-content\/uploads\/2020\/05\/redessociais012.jpg);min-height: 583px;height: 583px\">\n\t<div class=\"edgtf-parallax-inner\">\n\t\t[vc_empty_space height=&#8221;55px&#8221;]<div class=\"edgtf-section-title-holder\" style=\"padding: 0 31%;text-align: center\">\n\t\t\t\t<p class=\"edgtf-st-text\" style=\"color: #ffffff;font-size: 16px;margin-top: 30px\">Planejamento Estrat\u00e9gico de Comunica\u00e7\u00e3o<\/p>\n\t<\/div><div class=\"edgtf-section-title-holder\" style=\"padding: 0 22%;text-align: center\">\n\t\t\t\t<p class=\"edgtf-st-text\" style=\"color: #ffffff;font-size: 35px;margin-top: 25px\">Gest\u00e3o de Redes Sociais<\/p>\n\t<\/div><div class=\"edgtf-section-title-holder\" style=\"padding: 0 28%;text-align: center\">\n\t\t\t\t<p class=\"edgtf-st-text\" style=\"color: #ffffff;font-size: 14px;margin-top: 30px\">OLI Consultoria colabora com a sua empresa para que possa entender pontualmente a real necessidade dos clientes e dessa forma superar as suas expectativas, ou seja, entender tamb\u00e9m qual a necessidade latente deles.<\/p>\n\t<\/div>[vc_empty_space height=&#8221;24px&#8221;]<div class=\"edgtf-video-button-link-holder\">\n\t<a class=\"edgtf-video-button-link-play\" style=\"color: #ffffff;font-size: 10px\" href=\"#\" target=\"_self\" data-rel=\"prettyPhoto[video_button_link_pretty_photo_907]\">\n\t\t<span class=\"edgtf-video-button-link-play-inner\">\n\t\t\t<span class=\"edgtf-video-button-link-text\"  style=\"color: #ffffff;font-size: 14px\">V\u00eddeo sobre gest\u00e3o de redes sociais (em constru\u00e7\u00e3o)<\/span>\n\t\t\t<span class=\"arrow_triangle-right_alt\"  ><\/span>\n\t\t<\/span>\n\t<\/a>\n<\/div>[vc_empty_space height=&#8221;65px&#8221;]\t<\/div>\n<\/div>\n[\/vc_column][\/vc_row][vc_row row_content_width=&#8221;grid&#8221; css=&#8221;.vc_custom_1485442586227{padding-top: 130px !important;padding-bottom: 66px !important;}&#8221;][vc_column offset=&#8221;vc_col-lg-4 vc_col-md-4&#8243;]<div class=\"edgtf-iwt clearfix edgtf-iwt-icon-top edgtf-iwt-icon-medium edgtf-iwt-left\">\n\t<div class=\"edgtf-iwt-icon\">\n\t\t\t\t\t<a itemprop=\"url\" href=\"#\" target=\"_self\">\n\t\t\t\t\t\t\t\t\t    <span class=\"edgtf-icon-animation-holder\" style=\"transition-delay: 50ms;-webkit-transition-delay: 50ms;-moz-transition-delay: 50ms;-ms-transition-delay: 50ms\">\n    <span class=\"edgtf-icon-shortcode edgtf-normal edgtf-icon-animation edgtf-icon-medium\"  data-animation-delay=\"50\">\n                    <i class=\"edgtf-icon-et-line icon-piechart edgtf-icon-element\" style=\"\" ><\/i>            <\/span>\n    <\/span>\n\t\t\t\t\t\t\t\t<\/a>\n\t\t\t<\/div>\n\t\t<div class=\"edgtf-iwt-content\" >\n\t\t\t\t\t<h6 class=\"edgtf-iwt-title\" >\n\t\t\t\t\t\t\t\t\t<a itemprop=\"url\" href=\"#\" target=\"_self\">\n\t\t\t\t\t\t\t\t\t<span class=\"edgtf-iwt-title-text\">Gerar Valor Percebido<\/span>\n\t\t\t\t\t\t\t\t\t\t\t\t\t\t<\/a>\n\t\t\t\t\t\t\t<\/h6>\n\t\t\t\t\t\t\t<p class=\"edgtf-iwt-text\" >Gerar o maior n\u00famero leg\u00edtimo de leads, engajamentos de simpatizantes e clientes fi\u00e9is que a marca pode conseguir \u00e9 o objetivo principal de nosso plano de comunica\u00e7\u00e3o para as marcas que s\u00e3o nossas clientes.<\/p>\n\t\t\t<\/div>\n<\/div>[vc_empty_space height=&#8221;45px&#8221;][\/vc_column][vc_column offset=&#8221;vc_col-lg-4 vc_col-md-4&#8243;]<div class=\"edgtf-iwt clearfix edgtf-iwt-icon-top edgtf-iwt-icon-medium edgtf-iwt-left\">\n\t<div class=\"edgtf-iwt-icon\">\n\t\t\t\t\t<a itemprop=\"url\" href=\"#\" target=\"_self\">\n\t\t\t\t\t\t\t\t\t    <span class=\"edgtf-icon-animation-holder\" style=\"transition-delay: 50ms;-webkit-transition-delay: 50ms;-moz-transition-delay: 50ms;-ms-transition-delay: 50ms\">\n    <span class=\"edgtf-icon-shortcode edgtf-normal edgtf-icon-animation edgtf-icon-medium\"  data-animation-delay=\"50\">\n                    <i class=\"edgtf-icon-et-line icon-desktop edgtf-icon-element\" style=\"\" ><\/i>            <\/span>\n    <\/span>\n\t\t\t\t\t\t\t\t<\/a>\n\t\t\t<\/div>\n\t\t<div class=\"edgtf-iwt-content\" >\n\t\t\t\t\t<h6 class=\"edgtf-iwt-title\" >\n\t\t\t\t\t\t\t\t\t<a itemprop=\"url\" href=\"#\" target=\"_self\">\n\t\t\t\t\t\t\t\t\t<span class=\"edgtf-iwt-title-text\">Diferencial Competitivo<\/span>\n\t\t\t\t\t\t\t\t\t\t\t\t\t\t<\/a>\n\t\t\t\t\t\t\t<\/h6>\n\t\t\t\t\t\t\t<p class=\"edgtf-iwt-text\" >Para a\u00e7\u00f5es de marketing de relacionamento, as plataformas colaborativas est\u00e3o entre as tecnologias mais revolucion\u00e1rias dos \u00faltimos tempos e a tend\u00eancia \u00e9 influenciar ainda mais os resultados das estrat\u00e9gias corporativas.<\/p>\n\t\t\t<\/div>\n<\/div>[vc_empty_space height=&#8221;45px&#8221;][\/vc_column][vc_column offset=&#8221;vc_col-lg-4 vc_col-md-4&#8243;]<div class=\"edgtf-iwt clearfix edgtf-iwt-icon-top edgtf-iwt-icon-medium edgtf-iwt-left\">\n\t<div class=\"edgtf-iwt-icon\">\n\t\t\t\t\t<a itemprop=\"url\" href=\"#\" target=\"_self\">\n\t\t\t\t\t\t\t\t\t    <span class=\"edgtf-icon-animation-holder\" style=\"transition-delay: 50ms;-webkit-transition-delay: 50ms;-moz-transition-delay: 50ms;-ms-transition-delay: 50ms\">\n    <span class=\"edgtf-icon-shortcode edgtf-normal edgtf-icon-animation edgtf-icon-medium\"  data-animation-delay=\"50\">\n                    <i class=\"edgtf-icon-et-line icon-chat edgtf-icon-element\" style=\"\" ><\/i>            <\/span>\n    <\/span>\n\t\t\t\t\t\t\t\t<\/a>\n\t\t\t<\/div>\n\t\t<div class=\"edgtf-iwt-content\" >\n\t\t\t\t\t<h6 class=\"edgtf-iwt-title\" >\n\t\t\t\t\t\t\t\t\t<a itemprop=\"url\" href=\"#\" target=\"_self\">\n\t\t\t\t\t\t\t\t\t<span class=\"edgtf-iwt-title-text\">Relacionamento Social<\/span>\n\t\t\t\t\t\t\t\t\t\t\t\t\t\t<\/a>\n\t\t\t\t\t\t\t<\/h6>\n\t\t\t\t\t\t\t<p class=\"edgtf-iwt-text\" >O esfor\u00e7o para um bom relacionamento social demanda de um planejamento efetivo e pontual, a fim de qualificar e valorizar o discurso com o publico alvo.<\/p>\n\t\t\t<\/div>\n<\/div>[vc_empty_space height=&#8221;45px&#8221;][\/vc_column][\/vc_row][vc_row css=&#8221;.vc_custom_1485174599681{padding-top: 82px !important;padding-bottom: 100px !important;background-color: #6b74e6 !important;}&#8221;][vc_column][vc_row_inner row_content_width=&#8221;grid&#8221; content_text_aligment=&#8221;center&#8221;][vc_column_inner]<div class=\"edgtf-section-title-holder\" >\n\t\t\t\t<p class=\"edgtf-st-text\" style=\"color: #ffffff;font-size: 25px;font-weight: 300\">As avalia\u00e7\u00f5es para decis\u00f5es de compras nas marcas s\u00e3o resolvidas pelos aconselhamentos dos amigos e dos desconhecidos nas redes sociais.<\/p>\n\t<\/div>[vc_empty_space]<div class=\"edgtf-video-button-link-holder\">\n\t<a class=\"edgtf-video-button-link-play\" style=\"color: #ffffff;font-size: 10px\" href=\"#\" target=\"_self\" data-rel=\"prettyPhoto[video_button_link_pretty_photo_742]\">\n\t\t<span class=\"edgtf-video-button-link-play-inner\">\n\t\t\t<span class=\"edgtf-video-button-link-text\"  style=\"color: #ffffff;font-size: 14px\">Veja sobre o assunto<\/span>\n\t\t\t<span class=\"arrow_triangle-right_alt\"  ><\/span>\n\t\t<\/span>\n\t<\/a>\n<\/div>[\/vc_column_inner][\/vc_row_inner][\/vc_column][\/vc_row][vc_row][vc_column css=&#8221;.vc_custom_1485179400755{padding-top: 0px !important;}&#8221;]<div class=\"edgtf-portfolio-list-holder edgtf-pl-gallery edgtf-pl-no-space edgtf-pl-four-columns edgtf-pl-gallery-overlay edgtf-pl-pag-no-pagination\"  data-type=gallery data-number-of-columns=4 data-space-between-items=no data-number-of-items=4 data-image-proportions=full data-enable-fixed-proportions=no data-category=simple-and-easy-to-use data-order-by=date data-order=ASC data-item-style=gallery-overlay data-enable-title=yes data-title-tag=h4 data-enable-category=yes data-enable-excerpt=no data-excerpt-length=20 data-pagination-type=no-pagination data-filter=no data-filter-order-by=name data-enable-article-animation=no data-slider-speed=5000 data-enable-loop=yes data-enable-navigation=yes data-enable-pagination=yes data-max-num-pages=0 data-next-page=2>\n\t\t\n\t<div class=\"edgtf-pl-inner clearfix\">\n\t\t<p class=\"edgtf-pl-not-found\">Sorry, no posts matched your criteria.<\/p>\t<\/div>\n\t\n\t<\/div>[\/vc_column][\/vc_row][vc_row css=&#8221;.vc_custom_1486736792412{padding-top: 50px !important;padding-bottom: 13px !important;background-color: #f5f5f5 !important;}&#8221;][vc_column][vc_row_inner row_content_width=&#8221;grid&#8221; content_text_aligment=&#8221;center&#8221;][vc_column_inner]<div class=\"edgtf-section-title-holder\" style=\"padding: 0 22%;text-align: center\">\n\t\t\t\t<p class=\"edgtf-st-text\" style=\"font-size: 16px;margin-top: 25px\">Entrega de valor para um novo consumidor<\/p>\n\t<\/div>[vc_empty_space height=&#8221;13px&#8221;]<div class=\"edgtf-section-title-holder\" style=\"padding: 0 22%;text-align: center\">\n\t\t\t<h3 class=\"edgtf-st-title\" >\n\t\t\t<span>Cada vez mais exigente, disperso e empoderado<\/span>\n\t\t<\/h3>\n\t\t\t\t<p class=\"edgtf-st-text\" style=\"font-size: 14px;margin-top: 25px\">Ent\u00e3o pensar fora da caixa \u00e9 a melhor atitude dos gestores a fim de consolidar o seu ativo intang\u00edvel. Dessa forma, olhar de fora para dentro e ser autocr\u00edtico come\u00e7a a garantir o diferencial competitivo nos neg\u00f3cios.<\/p>\n\t<\/div>[vc_empty_space height=&#8221;24px&#8221;][\/vc_column_inner][\/vc_row_inner][rev_slider_vc alias=&#8221;home-3-content&#8221;][\/vc_column][\/vc_row][vc_row row_content_width=&#8221;grid&#8221; css=&#8221;.vc_custom_1485181537016{padding-top: 108px !important;padding-bottom: 80px !important;}&#8221;][vc_column]<div class=\"edgtf-blog-list-holder edgtf-bl-standard edgtf-bl-three-columns edgtf-bl-normal-space edgtf-bl-pag-no-pagination\"  data-type=standard data-number-of-posts=-1 data-number-of-columns=3 data-space-between-columns=normal data-category=featured-posts data-order-by=date data-order=ASC data-image-size=full data-title-tag=h4 data-excerpt-length=35 data-post-info-section=yes data-post-info-image=yes data-post-info-author=yes data-post-info-date=yes data-post-info-category=yes data-post-info-comments=no data-post-info-like=no data-post-info-share=no data-pagination-type=no-pagination data-max-num-pages=0 data-next-page=2>\n\t<div class=\"edgtf-bl-wrapper\">\n\t\t<ul class=\"edgtf-blog-list\">\n\t\t\t<p class=\"edgtf-blog-no-posts\">Sorry, no posts matched your criteria.<\/p>\t\t<\/ul>\n\t<\/div>\n\t<\/div>[\/vc_column][\/vc_row][vc_row css=&#8221;.vc_custom_1485168347128{padding-top: 45px !important;padding-bottom: 54px !important;background-color: #6b74e6 !important;}&#8221;][vc_column css=&#8221;.vc_custom_1485161852235{padding-top: 0px !important;}&#8221;]<div class=\"edgtf-call-to-action-holder  edgtf-normal-layout edgtf-content-in-grid edgtf-three-quarters-columns\">\n\t<div class=\"edgtf-cta-inner  edgtf-grid\">\n\t\t<div class=\"edgtf-cta-text-holder\">\n\t\t\t<div class=\"edgtf-cta-text\">\n<h5><span style=\"color: #ffffff; font-weight: 300;\">O momento \u00e9 para reflex\u00e3o do contexto e compreens\u00e3o de um novo entendimento de cen\u00e1rio<br \/><\/span><\/h5>\n<\/div>\n\t\t<\/div>\n\t\t<div class=\"edgtf-cta-button-holder\" >\n\t\t\t<div class=\"edgtf-cta-button\"><a itemprop=\"url\" href=\"#\" target=\"_self\" style=\"color: #333333;background-color: #ffffff;border-color: #ffffff\" class=\"edgtf-btn edgtf-btn-medium edgtf-btn-solid\"  >    <span class=\"edgtf-btn-text\">Entre Em Contato Agora<\/span>    <\/a><\/div>\n\t\t<\/div>\n\t<\/div>\n<\/div>[\/vc_column][\/vc_row]<\/p>\n","protected":false},"excerpt":{"rendered":"<p> [&hellip;]<\/p>\n","protected":false},"author":1,"featured_media":0,"parent":0,"menu_order":0,"comment_status":"closed","ping_status":"closed","template":"full-width.php","meta":{"footnotes":""},"uagb_featured_image_src":{"full":false,"thumbnail":false,"medium":false,"medium_large":false,"large":false,"1536x1536":false,"2048x2048":false,"fluid_edge_image_square":false,"fluid_edge_image_landscape":false,"fluid_edge_image_portrait":false,"fluid_edge_image_huge":false,"woocommerce_thumbnail":false,"woocommerce_single":false,"woocommerce_gallery_thumbnail":false,"shop_catalog":false,"shop_single":false,"shop_thumbnail":false},"uagb_author_info":{"display_name":"admineoliveira","author_link":"https:\/\/www.oliconsultoria.com.br\/site\/author\/admineoliveira\/"},"uagb_comment_info":0,"uagb_excerpt":"[&hellip;]","_links":{"self":[{"href":"https:\/\/www.oliconsultoria.com.br\/site\/wp-json\/wp\/v2\/pages\/7370"}],"collection":[{"href":"https:\/\/www.oliconsultoria.com.br\/site\/wp-json\/wp\/v2\/pages"}],"about":[{"href":"https:\/\/www.oliconsultoria.com.br\/site\/wp-json\/wp\/v2\/types\/page"}],"author":[{"embeddable":true,"href":"https:\/\/www.oliconsultoria.com.br\/site\/wp-json\/wp\/v2\/users\/1"}],"replies":[{"embeddable":true,"href":"https:\/\/www.oliconsultoria.com.br\/site\/wp-json\/wp\/v2\/comments?post=7370"}],"version-history":[{"count":21,"href":"https:\/\/www.oliconsultoria.com.br\/site\/wp-json\/wp\/v2\/pages\/7370\/revisions"}],"predecessor-version":[{"id":9769,"href":"https:\/\/www.oliconsultoria.com.br\/site\/wp-json\/wp\/v2\/pages\/7370\/revisions\/9769"}],"wp:attachment":[{"href":"https:\/\/www.oliconsultoria.com.br\/site\/wp-json\/wp\/v2\/media?parent=7370"}],"curies":[{"name":"wp","href":"https:\/\/api.w.org\/{rel}","templated":true}]}}