{"id":11559,"date":"2024-09-11T20:21:15","date_gmt":"2024-09-11T23:21:15","guid":{"rendered":"https:\/\/www.oliconsultoria.com.br\/site\/?page_id=11559"},"modified":"2024-09-11T21:34:06","modified_gmt":"2024-09-12T00:34:06","slug":"pre-inscricao-para-mentoria","status":"publish","type":"page","link":"https:\/\/www.oliconsultoria.com.br\/site\/pre-inscricao-para-mentoria\/","title":{"rendered":"Pr\u00e9 Inscri\u00e7\u00e3o Para Mentoria"},"content":{"rendered":"\t\t<div data-elementor-type=\"wp-page\" data-elementor-id=\"11559\" class=\"elementor elementor-11559\">\n\t\t\t\t\t\t<section class=\"elementor-section elementor-top-section elementor-element elementor-element-4af87dcb elementor-section-boxed elementor-section-height-default elementor-section-height-default\" data-id=\"4af87dcb\" data-element_type=\"section\">\n\t\t\t\t\t\t<div class=\"elementor-container elementor-column-gap-default\">\n\t\t\t\t\t<div class=\"elementor-column elementor-col-100 elementor-top-column elementor-element elementor-element-15e41235\" data-id=\"15e41235\" data-element_type=\"column\">\n\t\t\t<div class=\"elementor-widget-wrap\">\n\t\t\t\t\t\t\t<\/div>\n\t\t<\/div>\n\t\t\t\t\t<\/div>\n\t\t<\/section>\n\t\t\t\t<section class=\"elementor-section elementor-top-section elementor-element elementor-element-0807063 elementor-section-boxed elementor-section-height-default elementor-section-height-default\" data-id=\"0807063\" data-element_type=\"section\">\n\t\t\t\t\t\t\t<div class=\"elementor-background-overlay\"><\/div>\n\t\t\t\t\t\t\t<div class=\"elementor-container elementor-column-gap-default\">\n\t\t\t\t\t<div class=\"elementor-column elementor-col-16 elementor-top-column elementor-element elementor-element-0e9a72d\" data-id=\"0e9a72d\" data-element_type=\"column\">\n\t\t\t<div class=\"elementor-widget-wrap\">\n\t\t\t\t\t\t\t<\/div>\n\t\t<\/div>\n\t\t\t\t<div class=\"elementor-column elementor-col-66 elementor-top-column elementor-element elementor-element-3e32a26\" data-id=\"3e32a26\" data-element_type=\"column\">\n\t\t\t<div class=\"elementor-widget-wrap elementor-element-populated\">\n\t\t\t\t\t\t<div class=\"elementor-element elementor-element-913580f elementor-widget elementor-widget-html\" data-id=\"913580f\" data-element_type=\"widget\" data-widget_type=\"html.default\">\n\t\t\t\t<div class=\"elementor-widget-container\">\n\t\t\t\r\n<style type=\"text\/css\" scoped>\r\n    .mauticform_wrapper { max-width: 600px; margin: 40px auto; font-family: Arial, sans-serif; }\r\n    .mauticform-name { font-weight: bold; font-size: 1.8em; margin-bottom: 5px; }\r\n    .mauticform-description { margin-top: 5px; margin-bottom: 15px; font-size: 1.2em; }\r\n    .mauticform-error { margin-bottom: 10px; color: red; }\r\n    .mauticform-message { margin-bottom: 10px; color: green; }\r\n    .mauticform-row { display: block; margin-bottom: 25px; }\r\n    .mauticform-label { font-size: 1.2em; display: block; font-weight: bold; margin-bottom: 8px; }\r\n    .mauticform-row.mauticform-required .mauticform-label:after { color: #e32; content: \" *\"; display: inline; }\r\n    .mauticform-input, .mauticform-textarea { width: 100%; padding: 10px; border: 1px solid #CCC; background: #fff; border-radius: 6px; box-sizing: border-box; font-size: 1.1em; }\r\n    \r\n    \/* Button styling *\/\r\n    .mauticform-button-wrapper .mauticform-button { \r\n        display: inline-block;\r\n        margin-bottom: 0;\r\n        font-weight: 600;\r\n        text-align: center;\r\n        vertical-align: middle;\r\n        cursor: pointer;\r\n        padding: 12px 25px;\r\n        font-size: 1.2em;\r\n        line-height: 1.5;\r\n        border-radius: 50px;\r\n        background-color: #009f3c; \/* Green flag color *\/\r\n        color: white;\r\n        border: none;\r\n    }\r\n    .mauticform-button:hover {\r\n        background-color: #007c30;\r\n    }\r\n    .mauticform-button:disabled {\r\n        background-color: #e0e0e0;\r\n        color: #b3b3b3;\r\n    }\r\n    .mauticform-freetext{\r\n        font-size: 20px;\r\n        text-align: center;\r\n    }\r\n<\/style>\r\n\r\n<div id=\"mauticform_wrapper_f1502preinscricaomentoriavipnegociodemodaformautonomo\" class=\"mauticform_wrapper\">\r\n    <form autocomplete=\"false\" role=\"form\" method=\"post\" action=\"https:\/\/mkt.olimkt.com.br\/form\/submit?formId=30\" id=\"mauticform_f1502preinscricaomentoriavipnegociodemodaformautonomo\" data-mautic-form=\"f1502preinscricaomentoriavipnegociodemodaformautonomo\" enctype=\"multipart\/form-data\">\r\n        <div class=\"mauticform-error\" id=\"mauticform_f1502preinscricaomentoriavipnegociodemodaformautonomo_error\"><\/div>\r\n        <div class=\"mauticform-message\" id=\"mauticform_f1502preinscricaomentoriavipnegociodemodaformautonomo_message\"><\/div>\r\n        <div class=\"mauticform-innerform\">\r\n            <div class=\"mauticform-page-wrapper mauticform-page-1\" data-mautic-form-page=\"1\">\r\n                <div id=\"mauticform_f1502preinscricaomentoriavipnegociodemodaformautonomo_linha_de_produto_e_regiao\" class=\"mauticform-row mauticform-freetext mauticform-field-1\">\r\n                    <div id=\"mauticform_input_f1502preinscricaomentoriavipnegociodemodaformautonomo_linha_de_produto_e_regiao\" name=\"mauticform[linha_de_produto_e_regiao]\" value=\"\" class=\"mauticform-freetext\">\r\n                        <strong>Pr\u00e9 Inscri\u00e7\u00e3o para Participar da Mentoria VIP <br>com Rog\u00e9rio Oliveira<\/strong>\r\n                        <br><br>\r\n                        <strong>\"SAIBA COMO CRIAR UM NEG\u00d3CIO DE MODA DE SUCESSO\"<br><br><br><\/strong>\r\n                    <\/div>\r\n                <\/div>\r\n\r\n                <input id=\"mauticform_input_f1502preinscricaomentoriavipnegociodemodaformautonomo_mentoria_vip_negocio_de_m\" name=\"mauticform[mentoria_vip_negocio_de_m]\" value=\"Mentoria VIP Negocio de Moda\" class=\"mauticform-hidden\" type=\"hidden\">\r\n\r\n                <div id=\"mauticform_f1502preinscricaomentoriavipnegociodemodaformautonomo_pessoa_responsavel\" class=\"mauticform-row mauticform-text mauticform-field-3 mauticform-required\">\r\n                    <label id=\"mauticform_label_f1502preinscricaomentoriavipnegociodemodaformautonomo_pessoa_responsavel\" for=\"mauticform_input_f1502preinscricaomentoriavipnegociodemodaformautonomo_pessoa_responsavel\" class=\"mauticform-label\">01- Qual \u00e9 o seu nome?<\/label>\r\n                    <input id=\"mauticform_input_f1502preinscricaomentoriavipnegociodemodaformautonomo_pessoa_responsavel\" name=\"mauticform[pessoa_responsavel]\" value=\"\" class=\"mauticform-input\" type=\"text\">\r\n                    <span class=\"mauticform-errormsg\" style=\"display: none;\">Insira o seu nome por favor<\/span>\r\n                <\/div>\r\n\r\n                <div id=\"mauticform_f1502preinscricaomentoriavipnegociodemodaformautonomo_email_de_contato\" class=\"mauticform-row mauticform-email mauticform-field-4 mauticform-required\">\r\n                    <label id=\"mauticform_label_f1502preinscricaomentoriavipnegociodemodaformautonomo_email_de_contato\" for=\"mauticform_input_f1502preinscricaomentoriavipnegociodemodaformautonomo_email_de_contato\" class=\"mauticform-label\">03- e-mail de contato<\/label>\r\n                    <input id=\"mauticform_input_f1502preinscricaomentoriavipnegociodemodaformautonomo_email_de_contato\" name=\"mauticform[email_de_contato]\" value=\"\" class=\"mauticform-input\" type=\"email\">\r\n                    <span class=\"mauticform-errormsg\" style=\"display: none;\">Por favor coloque um e-mail v\u00e1lido<\/span>\r\n                <\/div>\r\n\r\n                <div id=\"mauticform_f1502preinscricaomentoriavipnegociodemodaformautonomo_telefone_celular_whats_ap\" class=\"mauticform-row mauticform-tel mauticform-field-5 mauticform-required\">\r\n                    <label id=\"mauticform_label_f1502preinscricaomentoriavipnegociodemodaformautonomo_telefone_celular_whats_ap\" for=\"mauticform_input_f1502preinscricaomentoriavipnegociodemodaformautonomo_telefone_celular_whats_ap\" class=\"mauticform-label\">04- Telefone Celular WhatsApp<\/label>\r\n                    <input id=\"mauticform_input_f1502preinscricaomentoriavipnegociodemodaformautonomo_telefone_celular_whats_ap\" name=\"mauticform[telefone_celular_whats_ap]\" value=\"\" class=\"mauticform-input\" type=\"tel\">\r\n                    <span class=\"mauticform-errormsg\" style=\"display: none;\">Insira seu telefone (WhatsApp) por favor<\/span>\r\n                <\/div><br><br>\r\n\r\n                <div id=\"mauticform_f1502preinscricaomentoriavipnegociodemodaformautonomo_submit\" align=\"center\" class=\"mauticform-row mauticform-button-wrapper mauticform-field-6\">\r\n                    <button type=\"submit\" name=\"mauticform[submit]\" id=\"mauticform_input_f1502preinscricaomentoriavipnegociodemodaformautonomo_submit\" class=\"mauticform-button\">Enviar Minha Pr\u00e9 Inscri\u00e7\u00e3o<\/button><br><br><br>\r\n                <\/div>\r\n            <\/div>\r\n        <\/div>\r\n\r\n        <input type=\"hidden\" name=\"mauticform[formId]\" value=\"30\">\r\n        <input type=\"hidden\" name=\"mauticform[return]\" value=\"\">\r\n        <input type=\"hidden\" name=\"mauticform[formName]\" value=\"f1502preinscricaomentoriavipnegociodemodaformautonomo\">\r\n    <\/form>\r\n<\/div>\r\n\t\t<\/div>\n\t\t\t\t<\/div>\n\t\t\t\t\t<\/div>\n\t\t<\/div>\n\t\t\t\t<div class=\"elementor-column elementor-col-16 elementor-top-column elementor-element elementor-element-62279ce\" data-id=\"62279ce\" data-element_type=\"column\">\n\t\t\t<div class=\"elementor-widget-wrap\">\n\t\t\t\t\t\t\t<\/div>\n\t\t<\/div>\n\t\t\t\t\t<\/div>\n\t\t<\/section>\n\t\t\t\t<\/div>\n\t\t","protected":false},"excerpt":{"rendered":"<p> [&hellip;]<\/p>\n","protected":false},"author":1,"featured_media":0,"parent":0,"menu_order":0,"comment_status":"closed","ping_status":"closed","template":"full-width.php","meta":{"footnotes":""},"uagb_featured_image_src":{"full":false,"thumbnail":false,"medium":false,"medium_large":false,"large":false,"1536x1536":false,"2048x2048":false,"fluid_edge_image_square":false,"fluid_edge_image_landscape":false,"fluid_edge_image_portrait":false,"fluid_edge_image_huge":false,"woocommerce_thumbnail":false,"woocommerce_single":false,"woocommerce_gallery_thumbnail":false,"shop_catalog":false,"shop_single":false,"shop_thumbnail":false},"uagb_author_info":{"display_name":"admineoliveira","author_link":"https:\/\/www.oliconsultoria.com.br\/site\/author\/admineoliveira\/"},"uagb_comment_info":0,"uagb_excerpt":"[&hellip;]","_links":{"self":[{"href":"https:\/\/www.oliconsultoria.com.br\/site\/wp-json\/wp\/v2\/pages\/11559"}],"collection":[{"href":"https:\/\/www.oliconsultoria.com.br\/site\/wp-json\/wp\/v2\/pages"}],"about":[{"href":"https:\/\/www.oliconsultoria.com.br\/site\/wp-json\/wp\/v2\/types\/page"}],"author":[{"embeddable":true,"href":"https:\/\/www.oliconsultoria.com.br\/site\/wp-json\/wp\/v2\/users\/1"}],"replies":[{"embeddable":true,"href":"https:\/\/www.oliconsultoria.com.br\/site\/wp-json\/wp\/v2\/comments?post=11559"}],"version-history":[{"count":40,"href":"https:\/\/www.oliconsultoria.com.br\/site\/wp-json\/wp\/v2\/pages\/11559\/revisions"}],"predecessor-version":[{"id":11622,"href":"https:\/\/www.oliconsultoria.com.br\/site\/wp-json\/wp\/v2\/pages\/11559\/revisions\/11622"}],"wp:attachment":[{"href":"https:\/\/www.oliconsultoria.com.br\/site\/wp-json\/wp\/v2\/media?parent=11559"}],"curies":[{"name":"wp","href":"https:\/\/api.w.org\/{rel}","templated":true}]}}